 5 + 20 = -y + 5*d. Let h(x) = x**2 - 2*x**2 - 82 + y*x**2 + 8*x + 80. Determine h(7).
5
Let u = -42 + 28. Let c = 9 + u. Let a(q) be the third derivative of q**6/120 + q**5/10 + 5*q**4/24 + 5*q**3/6 - 2*q**2. Determine a(c).
5
Let n(x) = -2*x**2 + 11*x. Suppose -3*h + 9 = 2*r, 29 = -2*r + 6*r - 5*h. What is n(r)?
-6
Suppose 0 = -7*d + 9*d - 1310. Let i(x) = -x**2 - d - x + 654 - x. What is i(-1)?
0
Let n(f) be the third derivative of f**5/30 + f**4/4 - 2*f**3/3 - 3*f**2. Determine n(-3).
-4
Let q(j) = -14*j + 20. Let a(o) = 17*o - 22. Let n(d) = -3*a(d) - 4*q(d). What is n(5)?
11
Suppose -3*n + 8*n - 25 = 0. Let k(u) = -u**3 + 6*u**2 - 7*u + 6. Let c be k(n). Let j(s) = -s. Let a(d) = -3*d. Let p(h) = a(h) - 2*j(h). What is p(c)?
4
Suppose 91 = -3*g + 16*g. Let m(x) = -x**2 + 11*x - 8. Determine m(g).
20
Let o(y) = -13*y - 59. Let r be o(-4). Let b(q) = -2 + 5 - q - 4. Determine b(r).
6
Let z(h) = 4 - 3 - h - 6 + 3. Suppose 12*d - 13*d + 3 = 0. Suppose -4*f + d*s - 5*s = 6, 2*f + 13 = s. Give z(f).
2
Let m(h) = -5*h + 337 + 339 - 1019 + 342. Let i be -3*(16/3)/(-4). Suppose -z = -4*c + 3 + 3, -4*z - i*c = 4. Calculate m(z).
9
Let a(n) = -252*n + 1255. Let i be a(5). Let z(l) = 13*l + 11. Let p(v) = v + 1. Let w(k) = 22*p(k) - 2*z(k). What is w(i)?
20
Suppose -g - 3*g + 8 = 0. Let f(b) = -g*b + 0*b + 3*b. Let o be -16 + 31 - 24/2. Give f(o).
3
Suppose o - 5 - 3 = c, 0 = -5*o - 3*c + 8. Let d(b) = b**2 - b - 5. Determine d(o).
7
Let c(x) = x**3 - 6*x**2 - 4*x - 3. Let q be c(7). Let w = q - 15. Let u(i) = -5*i**3 + 12*i**3 + 0*i**2 + i**2 - 1 + 4*i**w. What is u(1)?
11
Suppose 19 = -14*h - 79. Let n(g) = g**2 + 5*g - 2. What is n(h)?
12
Let j = 17 + -17. Suppose 3*q + 0 + 3 = j. Let s(v) = 4*v**3 + 1. Let r(m) = -m**3 - m**2. Let a(z) = -r(z) - s(z). Give a(q).
3
Let j(o) be the first derivative of o**3/3 + 3*o**2 + 3*o - 18. Let h = -2 + 11. Let p be 2*(-6)/h*3. What is j(p)?
-5
Let t be -2 - 8/(-3)*15/10. Let c be 26/(-39)*3/t. Let a(m) be the first derivative of 3*m**4/4 + 2*m**3/3 + m**2 + m - 1. Determine a(c).
-2
Let u(d) = -3*d + 3. Let x = 34 - 31. Let i be ((-6)/x + 4)*(0 - -1). Determine u(i).
-3
Suppose 2*t + 1 = 5. Let y(u) = u + t + 2*u - 5*u. Suppose 8 - 50 = -5*h - 2*f, 12 = h + f. Give y(h).
-10
Let h = 1776 - 1775. Let x(q) = -2*q**2 + 0 + q**2 - 1 + 0. Give x(h).
-2
Let x(n) = 1 + n - 8*n + 7*n - n. What is x(9)?
-8
Suppose 17*f - 12*f - 30 = 0. Let z(r) = -r - 1. Give z(f).
-7
Let q(h) be the first derivative of h**3/3 + h**2/2 + 2*h + 1. Let i(l) = l**2 - 6*l - 8. Let r be i(9). Suppose 15*f - r*f = 0. Calculate q(f).
2
Let a = 2983 + -2965. Let j(r) = 3*r - 52. Give j(a).
2
Let l(i) = -i - 7. Let q = 4 + -3. Let d(n) = -n - 1. Let r(z) = q*l(z) - 2*d(z). Let s = -438 + 445. What is r(s)?
2
Let b(r) = -11 + 5*r**2 - r**2 + 15 + 3*r - 3*r**2. Calculate b(-6).
22
Let x(q) be the third derivative of q**5/60 + q**4/4 - 7*q**3/6 - q**2 - 2*q. Give x(-7).
0
Let x(y) = -y**3 + 7*y**2 - 5*y + 4. Let k(a) = 6*a - 156. Let d be k(27). Calculate x(d).
10
Let s be 112/49 - (-4)/(-14). Suppose s*c = c - 4. Let v(u) = -7 - 15*u + 28*u - 14*u. What is v(c)?
-3
Let v(o) be the second derivative of o**3/3 + 17*o**2/2 + 316*o. Determine v(-8).
1
Let f(c) = -c**2 - 5*c - 3. Let q be f(-3). Suppose 11 + 1 = -q*b. Let h be -4 + (0 - b) + -3. Let m(w) = -w**3 - 4*w**2 - 3*w. Calculate m(h).
0
Let u = 29 + -27. Let b(k) = 2. Let t(f) = -f**2 - 2. Let w(x) = u*b(x) + 2*t(x). Give w(1).
-2
Suppose 0 = k - 4*i - 21, -3*i + 2 = 2*k + 15. Let j be ((-1)/4*k)/(2/8). Let l(p) = -11*p**2 + p + 1. Determine l(j).
-11
Let s(h) be the second derivative of 2*h**5/5 - h**4/6 + h**3/3 - h**2/2 - 279*h. What is s(1)?
7
Let k be (38/247)/((-2)/(-13)). Let t(m) = -7*m. Calculate t(k).
-7
Let y(a) = 37*a**3 - 30*a**2 + 3*a - 2. Let w be y(1). Let b(r) be the second derivative of r**4/12 - 4*r**3/3 + 2*r**2 - r. What is b(w)?
4
Suppose -13*g = g. Let s(a) = a**2 + a + 6. What is s(g)?
6
Let c(o) = o**2 + 3*o - 3. Suppose -3*a + a - 8 = 0. Determine c(a).
1
Let s(u) be the third derivative of 1/24*u**4 + 0*u - 5*u**2 - 1/60*u**5 - 2/3*u**3 + 1. Calculate s(0).
-4
Let h = 948 - 942. Let a(y) = 2*y - 15. Let j(c) = c - 7. Let r(d) = 2*a(d) - 5*j(d). Give r(h).
-1
Let c = -12 + 15. Let j be (0 - 0)/(-6 + c). Let t(k) = j*k + 1 + 3 - 7*k + 6*k. What is t(0)?
4
Let h = 281 + -285. Let o(b) = b**3 + 2*b**2 - 2*b - 6. What is o(h)?
-30
Let z(n) = 10*n**3 + n**2. Suppose -2*f - 12 = j, 0*j + 4*j - f + 3 = 0. Let q = -7 + j. Let u = -8 - q. Give z(u).
11
Let a(l) = -l**3 - 4*l**2 + 6*l - 5. Suppose 2*b = 12*b + 70. Let y(w) = -w**3 - 7*w**2 + 4*w + 23. Let s be y(b). What is a(s)?
-10
Let k be (-3)/(6 + -9) + 2. Let y(m) = m**2 + m - 1. What is y(k)?
11
Suppose 0 = 91*k - 100*k + 54. Let q(j) = j - 10. Let b(r) = 2*r - 19. Let o(y) = -6*b(y) + 11*q(y). Give o(k).
-2
Let r(q) be the second derivative of -q**5/20 + 5*q**4/12 + 2*q**3/3 + 5*q**2/2 - 14*q + 15. What is r(6)?
-7
Let h = 0 + 1. Let s(p) = -1059*p**2 + 2*p**3 - 7*p**3 + 1058*p**2. Determine s(h).
-6
Let x(j) = -j**3 - 11*j**2 - 4*j - 3. Let z(h) = -h**3 - 10*h**2 - 5*h - 2. Let q be 6*(-1)/(-3) - 4. Let y(n) = q*x(n) + 3*z(n). Calculate y(-7).
0
Let d(r) = -r**2 + 13*r - 20. Let k be (72/180)/(2/60). What is d(k)?
-8
Let z(h) be the first derivative of 11*h**4/4 - h**3/3 + 3*h**2/2 - h - 32. Calculate z(1).
12
Let s(f) = -2*f**3 + f**2 - 5*f - 3. Suppose 2*w + 2 = -6. Let i = -15 + 14. Let k(t) = -t**2 + t + 1. Let x(d) = i*s(d) + w*k(d). What is x(-2)?
-7
Let p(b) = -b - 11. Suppose 4*a - 184 = -184. Give p(a).
-11
Suppose -b + 3*b = -3*x + 12, x = 0. Let f(c) = c + b - 2*c + 0*c. Let p(g) = g**2 + 28*g - 24. Let q be p(-29). Determine f(q).
1
Let r be (3 + -3 - 1) + -2. Let v(s) = s**2 + 2*s - 1. Let f be v(r). Let q(l) = 3 + 3*l**2 + 4*l**2 - 5 - 6*l**f. What is q(0)?
-2
Let l be (8/10)/(6/15). Suppose -5*j + l = -3*j. Let z(f) be the third derivative of f**5/15 - f**4/12 + f**3/6 + 9*f**2 + f. Determine z(j).
3
Let d be 361/38 + 3/2. Let v(q) = q**3 - 12*q**2 + 10*q + 16. Give v(d).
5
Let l = 12 + -10. Let y(f) = 7*f**l + 3*f + f**3 + 5*f**2 + 9*f**2 + 1 - 17*f**2. Let k be (1 - 0) + (-5 - -1). What is y(k)?
1
Let m(u) be the second derivative of u**3/3 - u**2 + 4*u. Let b(s) = -s**3 - s**2 - s - 7. Let t be b(0). Let o = -10 - t. What is m(o)?
-8
Suppose 3*y = -m - 2*m - 3, y = -5*m - 21. Let u(z) = y + 0*z + 1 - 2*z. Determine u(4).
-3
Let u(v) be the first derivative of -1 - 1/2*v**2 + 3*v. Suppose q + 4*i - 13 = -0*i, 2*q + i = 12. Give u(q).
-2
Let l(u) = -u - 4. Suppose 2 + 12 = -2*b. Let z be l(b). Let t(f) = -4*f - 2*f - f**2 - z - 1. Give t(-5).
1
Let j = -301 + 306. Let h(n) be the third derivative of -2*n**2 + 0*n + 1/12*n**4 + 1/30*n**j - 2/3*n**3 + 0. What is h(-3)?
8
Let j(d) = 2*d - 6*d - 5 - d - d**3 - 3*d**2 - 2*d**2. Give j(-4).
-1
Suppose 4*z - c = -4, -15 + 1 = z + 3*c. Let b(q) be the second derivative of q**6/240 - q**4 + 6*q. Let o(a) be the third derivative of b(a). What is o(z)?
-6
Let u(f) = -20*f + 41. Let o(l) = -10*l + 11. Let x(j) = -19*j + 23. Let z(r) = -5*o(r) + 3*x(r). Let m(y) = 6*u(y) - 17*z(y). Determine m(0).
8
Suppose 2*z + 6 = 18. Let g(y) = y**3 - 5*y**2 - 3*y - 11. Let p be g(z). Let n(v) = v - 10. Determine n(p).
-3
Let n(l) = 2*l - 2. Let x = -812 + 804. What is n(x)?
-18
Let k(o) = -o**2 + 3*o + 2. Let m(y) = -y**3 - 12*y**2 - 11*y + 8. Let b be m(-11). Let w = 20 - 16. Suppose -b*u + w*u = -12. Give k(u).
2
Let p(s) = -3*s**2 + 30*s**3 + 3*s - 67*s**3 - 1 + 36*s**3. Suppose 0 = 3*x - x. Suppose -4*j - b - 10 = 0, -j + x = -b + 5. Calculate p(j).
-10
Suppose -5*x = 4*s - 2, -2*s - 4 = 4*x - 8. Let t(f) = -5*f + 14. Calculate t(x).
4
Suppose -10*g + 21*g + 66 = 0. Let d(n) = -n**2 - 9*n - 26. Give d(g).
-8
Let h(j) = 4*j - 59. Suppose -49*r + 153 = -533. What is h(r)?
-3
Let w(q) = -4*q + 19. Let i(o) = 3*o - 13. Let h(p) = -3*i(p) - 2*w(p). What is h(-5)?
6
Let n(z) = 3*z + 8. Suppose 37*v - 7 = 30*v. Let b be v - 0 - 49/7. Determine n(b).
-10
Let p(l) = -5*l - 380. Let k be p(-75). Let y be (6/4)/(6/16). Let g(f) = -f**3 - 2 + 0*f**2 - 5*f**2 - y*f + 0. What is g(k)?
18
Let y(l) be the third derivative of 0*l + 8*l**2 - 1/6*l**4 + 1/120*l**6 - l**3 - 1/12*l**5 +